{"id":349,"date":"2026-04-05T22:43:48","date_gmt":"2026-04-05T21:43:48","guid":{"rendered":"https:\/\/www.apekunheim.fr\/?page_id=349"},"modified":"2026-04-05T23:20:05","modified_gmt":"2026-04-05T22:20:05","slug":"produits-de-la-chevrerie","status":"publish","type":"page","link":"https:\/\/www.apekunheim.fr\/?page_id=349","title":{"rendered":"Produits de la ch\u00e8vrerie"},"content":{"rendered":"\n<p><strong>La vente de fromages de ch\u00e8vre arrive ! <\/strong><\/p>\n\n\n\n<figure class=\"wp-block-image aligncenter size-full\"><img loading=\"lazy\" decoding=\"async\" width=\"189\" height=\"217\" src=\"https:\/\/www.apekunheim.fr\/wp-content\/uploads\/2026\/04\/telechargement-1.png\" alt=\"\" class=\"wp-image-353\"\/><\/figure>\n\n\n\n<p><\/p>\n\n\n\n<p>Cette ann\u00e9e, l\u2019APEEK vous propose une vente de produits \u00e0 base de lait de ch\u00e8vre venant de la Ferme du Wiedenthal.<\/p>\n\n\n\n<p>Vous pouvez commander en allant sur la page <a href=\"http:\/\/www.payasso.fr\/apeek\/fromagedechevre\" data-type=\"link\" data-id=\"www.payasso.fr\/apeek\/fromagedechevre\">www.payasso.fr\/apeek\/fromagedechevre<\/a> et faire votre commande sur le site qui s\u2019affiche en payant directement en ligne par carte bancaire. (Attention vous devez recevoir un mail de confirmation suite au paiement de votre commande).<\/p>\n\n\n\n<p>Si besoin, vous pouvez t\u00e9l\u00e9charger le bon de commande ci-dessous y joindre votre r\u00e8glement par ch\u00e8que \u00e0 l\u2019ordre de l APEEK ou en esp\u00e8ces (montant exact le trop per\u00e7u \u00e9tant consid\u00e9r\u00e9 comme don pour l\u2019APEEK).<\/p>\n\n\n\n<p>Toutes les commandes devront \u00eatre faites le 27 avril au plus tard.<\/p>\n\n\n\n<p><\/p>\n\n\n\n<p>Retour des commandes au plus tard le 27 avril 2026 par les \u00e9coles ou sur le site de commande.<\/p>\n\n\n\n<p>La livraison aura lieu le 20 mai 2026 \u00e0 la salle Kegreiss entre 16h et 18h30.<\/p>\n\n\n\n<figure class=\"wp-block-image aligncenter size-full\"><img loading=\"lazy\" decoding=\"async\" width=\"194\" height=\"259\" src=\"https:\/\/www.apekunheim.fr\/wp-content\/uploads\/2026\/04\/images.png\" alt=\"\" class=\"wp-image-351\"\/><\/figure>\n\n\n\n<div class=\"wp-block-file aligncenter\"><a id=\"wp-block-file--media-0ebf253c-f587-4ba2-bab3-c4721a6164cd\" href=\"https:\/\/www.apekunheim.fr\/wp-content\/uploads\/2026\/04\/Bon-de-commande-chevrerie.pdf\">Bon de commande ch\u00e8vrerie<\/a><a href=\"https:\/\/www.apekunheim.fr\/wp-content\/uploads\/2026\/04\/Bon-de-commande-chevrerie.pdf\" class=\"wp-block-file__button wp-element-button\" download aria-describedby=\"wp-block-file--media-0ebf253c-f587-4ba2-bab3-c4721a6164cd\">T\u00e9l\u00e9charger<\/a><\/div>\n","protected":false},"excerpt":{"rendered":"<p>La vente de fromages de ch\u00e8vre arrive ! Cette ann\u00e9e, l\u2019APEEK vous propose une vente de produits \u00e0 base de lait de ch\u00e8vre venant de la Ferme du Wiedenthal. Vous pouvez commander en allant sur la page www.payasso.fr\/apeek\/fromagedechevre et faire votre commande sur le site qui s\u2019affiche en payant directement en ligne par carte bancaire. [&hellip;]<\/p>\n","protected":false},"author":1,"featured_media":350,"parent":0,"menu_order":0,"comment_status":"closed","ping_status":"closed","template":"","meta":{"footnotes":""},"class_list":["post-349","page","type-page","status-publish","has-post-thumbnail","hentry"],"_links":{"self":[{"href":"https:\/\/www.apekunheim.fr\/index.php?rest_route=\/wp\/v2\/pages\/349","targetHints":{"allow":["GET"]}}],"collection":[{"href":"https:\/\/www.apekunheim.fr\/index.php?rest_route=\/wp\/v2\/pages"}],"about":[{"href":"https:\/\/www.apekunheim.fr\/index.php?rest_route=\/wp\/v2\/types\/page"}],"author":[{"embeddable":true,"href":"https:\/\/www.apekunheim.fr\/index.php?rest_route=\/wp\/v2\/users\/1"}],"replies":[{"embeddable":true,"href":"https:\/\/www.apekunheim.fr\/index.php?rest_route=%2Fwp%2Fv2%2Fcomments&post=349"}],"version-history":[{"count":3,"href":"https:\/\/www.apekunheim.fr\/index.php?rest_route=\/wp\/v2\/pages\/349\/revisions"}],"predecessor-version":[{"id":361,"href":"https:\/\/www.apekunheim.fr\/index.php?rest_route=\/wp\/v2\/pages\/349\/revisions\/361"}],"wp:featuredmedia":[{"embeddable":true,"href":"https:\/\/www.apekunheim.fr\/index.php?rest_route=\/wp\/v2\/media\/350"}],"wp:attachment":[{"href":"https:\/\/www.apekunheim.fr\/index.php?rest_route=%2Fwp%2Fv2%2Fmedia&parent=349"}],"curies":[{"name":"wp","href":"https:\/\/api.w.org\/{rel}","templated":true}]}}